4154
What is -14adc (base 14) in base 15?
-10416
What is 13363 (base 9) in base 3?
110102010
11a (base 12) to base 8
246
What is 3625 (base 7) in base 4?
110332
Convert 2316 (base 9) to base 2.
11010110100
Convert 6e1 (base 15) to base 5.
22221
-17978 (base 10) to base 12
-a4a2
-1b7a7 (base 12) to base 15
-c1a4
30c (base 14) to base 4
21120
What is 22b0 (base 12) in base 3?
12022120
What is -1b6c7 (base 14) in base 12?
-34593
Convert -150 (base 7) to base 4.
-1110
What is 303100 (base 5) in base 12?
57a7
-12b5 (base 12) to base 11
-1688
What is -1054 (base 7) in base 8?
-576
Convert 400 (base 7) to base 6.
524
What is -405521 (base 6) in base 5?
-2014002
Convert 11001 (base 6) to base 11.
1156
-11132 (base 4) to base 2
-101011110
What is -12355 (base 8) in base 4?
-1103231
What is 101110100001 (base 2) in base 9?
4067
Convert -12224 (base 5) to base 3.
-1021210
Convert -1250 (base 6) to base 9.
-383
23337 (base 13) to base 14
195c6
-27a (base 16) to base 6
-2534
319 (base 14) to base 10
611
2100220 (base 3) to base 14
8b3
Convert -4324 (base 7) to base 16.
-601
10101000 (base 2) to base 3
20020
What is -17538 (base 10) in base 9?
-26046
What is -1739 (base 11) in base 4?
-202230
-3122200 (base 4) to base 6
-144424
Convert -11221200 (base 3) to base 15.
-1109
Convert 110 (base 11) to base 6.
340
Convert -11409 (base 15) to base 16.
-d67d
Convert -3303 (base 5) to base 14.
-245
Convert -10 (base 10) to base 4.
-22
Convert 1002021 (base 3) to base 7.
2206
-220233 (base 5) to base 2
-1110110010000
Convert -1b8 (base 13) to base 7.
-635
244a (base 12) to base 15
132a
What is -34314 (base 5) in base 7?
-10112
What is -17b4 (base 15) in base 10?
-5119
Convert 11c9 (base 14) to base 12.
1979
-48a (base 11) to base 9
-716
23110 (base 4) to base 12
504
What is a97 (base 11) in base 16?
524
Convert 3231 (base 4) to base 8.
355
-2404 (base 5) to base 11
-2a2
-562 (base 10) to base 5
-4222
Convert 432 (base 7) to base 5.
1334
-1010101100110 (base 2) to base 11
-4130
What is -620 (base 10) in base 3?
-211222
What is -2675 (base 8) in base 12?
-a25
-a07 (base 13) to base 3
-2022212
Convert 2037 (base 8) to base 14.
555
2602 (base 8) to base 10
1410
6b9 (base 15) to base 12
a70
Convert 1454 (base 12) to base 6.
14544
1b60 (base 12) to base 8
6470
What is 277a (base 12) in base 9?
6224
Convert 67650 (base 9) to base 11.
3089a
2222120 (base 3) to base 16
87f
201 (base 3) to base 5
34
Convert 1010111011 (base 2) to base 3.
221220
Convert -1000110101000 (base 2) to base 10.
-4520
Convert 46781 (base 9) to base 10.
31258
Convert -4476 (base 14) to base 5.
-334424
What is 29874 (base 10) in base 2?
111010010110010
80a7 (base 12) to base 15
4201
Convert 362 (base 15) to base 6.
3315
Convert -64 (base 12) to base 3.
-2211
-18986 (base 10) to base 4
-10220222
What is 2004 (base 6) in base 10?
436
Convert 32428 (base 9) to base 15.
657b
What is 1b42 (base 12) in base 2?
110100100010
What is 139 (base 15) in base 3?
101100
What is 1083 (base 10) in base 16?
43b
216 (base 12) to base 14
17c
What is -204 (base 14) in base 8?
-614
What is 1000000101 (base 2) in base 10?
517
Convert 100000010010 (base 2) to base 4.
200102
-288 (base 15) to base 4
-21002
What is -100002 (base 3) in base 15?
-115
-21155 (base 8) to base 15
-2928
Convert 1101101101010 (base 2) to base 9.
10557
Convert -10101100111 (base 2) to base 6.
-10223
Convert -58c (base 15) to base 16.
-4e9
-17570 (base 10) to base 12
-a202
Convert 1137 (base 10) to base 5.
14022
Convert -2000 (base 3) to base 10.
-54
de7 (base 16) to base 4
313213
What is 10000110011 (base 2) in base 14?
56b
-86810 (base 9) to base 4
-32002233
What is -201122 (base 3) in base 9?
-648
4b (base 12) to base 9
65
What is 432 (base 7) in base 3?
22010
What is 1205 (base 9) in base 6?
4052
Convert 11101101010 (base 2) to base 7.
5351
Convert 1642 (base 16) to base 8.
13102
100000010010110 (base 2) to base 15
4d74
What is 433 (base 9) in base 13?
213
Convert -409 (base 15) to base 13.
-54c
1101111100 (base 2) to base 8
1574
What is -173a (base 11) in base 4?
-202231
22211 (base 3) to base 15
10d
What is 7734 (base 11) in base 10?
10201
158b (base 16) to base 13
2683
-33a (base 11) to base 16
-196
102b9 (base 14) to base 2
1001100000111011
What is 206 (base 14) in base 16?
18e
What is 11011100 (base 2) in base 10?
220
Convert 6662 (base 7) to base 9.
3252
What is -272b2 (base 13) in base 6?
-1321520
What is -12e3a (base 16) in base 15?
-17dd0
What is -14a28 (base 11) in base 3?
-1002002101
Convert 220020 (base 3) to base 13.
3b4
-52 (base 14) to base 9
-80
What is -56378 (base 9) in base 14?
-d941
Convert -108a3 (base 14) to base 4.
-21302333
-1011000010110 (base 2) to base 10
-5654
-4142310 (base 5) to base 11
-47482
2d58 (base 16) to base 4
2311120
-120033 (base 5) to base 7
-15544
3141 (base 7) to base 9
1460
Convert 1010223 (base 4) to base 2.
1000100101011
Convert b5d (base 14) to base 4.
202333
918 (base 11) to base 5
13413
What is 351 (base 16) in base 14?
449
What is 440 (base 10) in base 5?
3230
What is -101010 (base 3) in base 9?
-333
What is 1163 (base 8) in base 12?
443
Convert -22412 (base 5) to base 11.
-1231
-1041 (base 11) to base 8
-2540
1075 (base 14) to base 16
b1f
10001011 (base 2) to base 7
256
What is -211 (base 11) in base 10?
-254
-11030 (base 5) to base 15
-360
Convert 411223 (base 5) to base 2.
11010000000001
Convert 100011101001 (base 2) to base 3.
10010111
11143 (base 5) to base 13
495
Convert -4310 (base 6) to base 9.
-1306
-46547 (base 10) to base 2
-1011010111010011
Convert -1208 (base 10) to base 4.
-102320
What is 43013 (base 8) in base 2?
100011000001011
Convert -4cb1 (base 15) to base 12.
-957a
What is -113350 (base 6) in base 14?
-3842
3225 (base 6) to base 8
1341
Convert -3672 (base 8) to base 10.
-1978
What is 18a2 (base 12) in base 2?
101110111010
-7636 (base 12) to base 7
-52623
-141450 (base 6) to base 5
-411400
Convert -29634 (base 10) to base 6.
-345110
Convert 1032 (base 16) to base 9.
5616
What is -1122 (base 6) in base 2?
-100001010
Convert -202100220 (base 3) to base 7.
-61200
What is 4240 (base 10) in base 16?
1090
-4404 (base 6) to base 3
-1101111
Convert 23403 (base 5) to base 16.
6c0
What is -765 (base 10) in base 13?
-46b
26349 (base 10) to base 13
bcbb
What is 4d11 (base 16) in base 15?
5ca4
What is 1211202202 (base 3) in base 10?
36281
What is 21120 (base 4) in base 16?
258
What is c9c (base 13) in base 6?
13553
-8487 (base 13) to base 6
-221003
What is -2764 (base 12) in base 3?
-20020011
What is 2612 (base 7) in base 5?
12424
What is 9410 (base 10) in base 3?
110220112
Convert 3a82 (base 14) to base 11.
781a
What is 3b34 (base 12) in base 2?
1101010011000
1100011111110 (base 2) to base 14
2490
Convert 81845 (base 9) to base 8.
151222
Convert -8cc1 (base 14) to base 12.
-121b5
What is 2012022 (base 3) in base 15?
71b
Convert 402 (base 9) to base 7.
644
Convert 13123 (base 8) to base 9.
7750
Convert 1110001 (base 3) to base 12.
73a
What is -3ca7 (base 13) in base 11?
-6640
What is 8573 (base 13) in base 4?
10201103
-684 (base 13) to base 15
-4ec
Convert 1a18 (base 13) to base 6.
30032
What is 8224 (base 11) in base 8?
25244
What is 3ac (base 13) in base 7?
1615
-11011100011000 (base 2) to base 15
-42a4
320331 (base 6) to base 16
65bf
Convert -3616 (base 9) to base 4.
-222000
2190 (base 10) to base 15
9b0
What is 122231 (base 4) in base 2?
11010101101
-47423 (base 11) to base 9
-113728
Convert -160255 (base 7) to base 14.
-b5d5
What is -28675 (base 9) in base 12?
-b358
-23220231 (base 4) to base 8
-135055
Convert 1372 (base 9) to base 3.
1102102
Convert -2bc (base 15) to base 14.
-32b
-111101 (base 2) to base 3
-2021
657 (base 11) to base 8
1424
What is -113201 (base 6) in base 2?
-10011001000001
Convert -61616 (base 7) to base 13.
-6b12
What is -12c (base 15) in base 10?
-267
41332 (base 5) to base 8
5235
-296 (base 10) to base 13
-19a
What is -4183 (base 13) in base 11?
-68a0
Convert -12021 (base 4) to base 6.
-1453
2100 (base 4) to base 13
b1
-121021122 (base 3) to base 14
-447c
What is -10202221120 (base 3) in base 15?
-17049
Convert 2777 (base 11) to base 14.
1449
Convert 334551 (base 6) to base 13.
cb53
Convert -19564 (base 10) to base 16.
-4c6c
-5253 (base 6) to base 4
-102201
Wha